 - o. List the prime factors of i.
3, 5
What are the prime factors of (5 + -7)*2778/(-12)?
463
Suppose -3*g = -4*i - 1684, 0 = 5*g - i - 2725 - 59. Suppose -g - 532 = -8*w. List the prime factors of w.
2, 17
Let b = -1012 + 1033. List the prime factors of b.
3, 7
Let x be 2 + -2 - (0 - 0). Let r = x - -8. What are the prime factors of r?
2
Let u(y) = -201*y + 801. What are the prime factors of u(-6)?
3, 223
Let t = 264 - 188. Suppose q + t = 3*h, -2*h + q + 4*q + 29 = 0. What are the prime factors of h?
3
Let p(c) = -c**3 - 24*c**2 + 36*c + 349. List the prime factors of p(-27).
2, 17, 23
Suppose 76*b = 65*b + 11165. What are the prime factors of b?
5, 7, 29
Let d(i) = i + 12. Let j be d(-7). Let q = 1 + j. Suppose -2*l = -q*l + 4*r + 176, 82 = 2*l + r. What are the prime factors of l?
2, 3, 7
Let u(d) = -d**2 + 51*d + 16. List the prime factors of u(42).
2, 197
Let n be (3/(-2))/(11/66). Let s = 11 + n. List the prime factors of (-6)/s + 25 + 1.
23
Suppose 3*s - 7438 = 7073. List the prime factors of s.
7, 691
Let n = 4 + -5. List the prime factors of n/(-3) - (-548)/12.
2, 23
Suppose -14310 = -32*b + 14*b. What are the prime factors of b?
3, 5, 53
Suppose -55 = 5*b + m + 4*m, -m = -3*b - 13. Let x(z) = 9*z**2 + 8 + 0 + 45*z**3 - 44*z**3 + 9*z. List the prime factors of x(b).
2, 31
Let o(c) = -3*c - 27. Let k be o(0). Let n = 87 + k. What are the prime factors of n?
2, 3, 5
Let h be 1/(194/(-98) + 2). Let a = 74 - 42. Suppose -d + 5*x + 6 + a = 0, -2*d = -x - h. List the prime factors of d.
23
Let j = -14 + 34. Suppose -2*m + j = 2*m. Suppose -2 = l + y, -m*y - 10 = 4*l + 2. List the prime factors of l.
2
Suppose -2*o + 183 = -5*l, 0 = -o + 2*l - l + 90. Let p = -60 + o. What are the prime factors of p?
29
Let x = 122 + 79. List the prime factors of x.
3, 67
Let v(u) = -u + 13. Let r be v(13). Suppose 2*w - 6 = -r*w. Suppose 4*l - 109 = -5*j - 0*l, 3 = w*l. List the prime factors of j.
3, 7
Let g be (0 - -6)*(237/6 + 1). Let s = 364 - g. What are the prime factors of s?
11
Suppose 0 = -13*c + 23544 + 18433. List the prime factors of c.
3229
Let d = 1857 - 763. List the prime factors of d.
2, 547
Suppose -20840 = -33*c + 28*c. What are the prime factors of c?
2, 521
Suppose -7*o + 377 = -225. Suppose o*t + 544 = 90*t. What are the prime factors of t?
2, 17
Suppose 58 = 5*f - 3*b, -5*b - 7 = -2*f + 1. List the prime factors of 2 - (1/(-2))/(f/6328).
2, 3, 19
Let a = 4 - -11. Suppose 0 = 3*n + a, 0*n = x - 3*n - 19. What are the prime factors of (x + -1 - 2) + 34?
5, 7
Let u(x) = x**3 - 11*x**2 + 10*x + 3. Let a be u(10). Suppose -a*k + p = -2*p - 186, 4*k - 5*p - 248 = 0. What are the prime factors of k?
2, 31
List the prime factors of (27/(-6))/((12/(-752))/1).
2, 3, 47
Let t(i) = i**2 + 6*i + 4. Let x be t(-6). List the prime factors of 67 - (x - (5 + 0)).
2, 17
Suppose 3*j = -2*z - 102, 4*z + 5*j + 328 = 126. Let r = z - -87. List the prime factors of r.
3, 13
Suppose 5*q + 4*c = 9*c + 2385, 958 = 2*q + 2*c. What are the prime factors of q?
2, 239
Suppose 0 = -5*n + 2*u - 17 + 3, -3*n + 5*u - 16 = 0. Let r = 25 + n. Suppose 5*w - r = 4*w. List the prime factors of w.
23
Let y be (1/(-2))/(4/(-40)). Let q(w) = -w**3 + 7*w**2 - 5*w - 1. Let n be q(y). Suppose -3*r = -n - 24. What are the prime factors of r?
2
List the prime factors of (-3)/21 + 26/(-14) - -397.
5, 79
Let m = -26 - -28. Suppose 4*v = m*o - 152, o - 69 = 3*v - 8*v. What are the prime factors of o?
2, 37
Let i(m) = 2796*m - 110. What are the prime factors of i(1)?
2, 17, 79
Let g(x) = x**3 - x**2 + 57. Let l be g(0). Suppose 7*b - 327 = -5*z + 3*b, z - l = 2*b. What are the prime factors of z?
3, 7
Let c(p) = p**3 - 10*p**2 + 8*p - 27. List the prime factors of c(11).
2, 7, 13
Let k be ((-74)/(-4))/((-6)/(-36)). Suppose 4*o - 137 - k = 0. What are the prime factors of o?
2, 31
Let p = 53 + -48. Suppose p*q - 56 = -j + 4, 248 = 3*j - 2*q. What are the prime factors of j?
2, 5
Let z be (-1830)/54 - 2/18. Let b = 24 - z. What are the prime factors of b?
2, 29
Suppose -2*s + 131 = -a - 81, -s - 5*a = -106. Suppose -t - 3 = -s. What are the prime factors of t?
103
What are the prime factors of (-5)/(35/42) + 573?
3, 7
Let f(q) = 24*q**2 - 7*q - 9. Let d be f(-9). What are the prime factors of 8/10 - (d/(-15) - -3)?
131
Let l(i) = 7*i**2 + 2*i + 2. Let n be l(-1). Let m be n/42 + 11/6. Suppose m*j = -j + 78. What are the prime factors of j?
2, 13
Let v = -750 + 1284. What are the prime factors of v?
2, 3, 89
Let i = -6 + 41. Suppose i = v - 69. Let a = -42 + v. List the prime factors of a.
2, 31
List the prime factors of (-739)/(-1) - 0*(-8)/56.
739
Let t = 17 + -14. Suppose t*z - z - 24 = 0. List the prime factors of 23 - z/((-6)/2).
3
Suppose 0*l - 4*l = -24. Suppose 2*t + l = -t, 4 = j - t. What are the prime factors of ((-25)/j)/(4/(-16))?
2, 5
Let j = -1320 - -1875. What are the prime factors of j?
3, 5, 37
Suppose -20 = 4*l + 4*c, -l - 4*c + 8 = -4*l. Let y(d) = 13*d**2 + 7*d + 1. List the prime factors of y(l).
181
Suppose -8 = -4*x, 10*x = 4*g + 11*x - 138. What are the prime factors of g?
2, 17
What are the prime factors of 404*((-91)/(-14) + -5)?
2, 3, 101
Let j(t) = 0 + t**3 + 1 - 19*t + 16*t. Let i be j(2). Suppose f - 43 = i. List the prime factors of f.
2, 23
Suppose -16 = 3*v - j + 6*j, 2*v = -j + 1. Suppose 0 = -c + v*h + 95, 5*c - 272 = -3*h + 113. What are the prime factors of c?
2, 5
Suppose 0 = 2*s - 8 + 4, -268 = -4*t + 2*s. What are the prime factors of t?
2, 17
Let n(s) = 543*s + 120. What are the prime factors of n(5)?
3, 5, 7
Suppose -3*a + 17 = 2*f, 2*f + 0 = a + 5. Suppose a = 2*j - 1. List the prime factors of ((-41)/5)/(j/(-10)).
41
Let t(k) be the first derivative of -k**2/2 + 30*k + 8. Let r be (0*5/10)/1. List the prime factors of t(r).
2, 3, 5
Let y(j) = 42*j + 66. List the prime factors of y(7).
2, 3, 5
Let b(n) = 2*n**2 - 8*n - 29. List the prime factors of b(10).
7, 13
Let t(m) = 2*m**2 - 32*m - 91. What are the prime factors of t(40)?
31, 59
Let h(j) = j**3 + 13*j**2 + j + 17. Let g be h(-13). Suppose 0 = -2*r + 3*z - 79, -g*z - 112 = 4*r + 36. Let o = r + 58. What are the prime factors of o?
2, 5
Let k(c) = 4*c**3 - 3*c**2 + c. Let g be k(2). Let o be (-1)/3 - (-26)/6. Let d = g - o. List the prime factors of d.
2, 3
Suppose -58*t + 50168 = -18388. List the prime factors of t.
2, 3, 197
Let l be (-8)/(-4) + (8 - 1). What are the prime factors of 3*(39/l - 1)?
2, 5
Let p(v) be the second derivative of -v**5/20 - 7*v**4/12 + v**3 + 19*v**2/2 - 2*v. What are the prime factors of p(-8)?
5, 7
Let i = -5 + 12. Suppose 2*m - 4*g - i = 5, 5*g + 14 = 2*m. What are the prime factors of m?
2
Suppose 12*z = 1460 + 1024. List the prime factors of z.
3, 23
Let v be 4773/(-15) - 2/(-10). Let h be v/24 - (-1)/4. Let c = 8 - h. List the prime factors of c.
3, 7
Suppose -456 - 45 = -3*d. Suppose 0 = 3*k - 4*k - 3*z + d, -5*k + 2*z = -801. What are the prime factors of k?
7, 23
Let b(g) = 4*g - 24. Let t be b(-10). What are the prime factors of -5*(-4 + t/10)?
2, 13
What are the prime factors of 70 + 5 + (3 - 7)?
71
Suppose 15 = h - 0*h + 3*p, -5*p + 28 = 2*h. Let n = h - -51. What are the prime factors of n?
2, 3, 5
Let n(z) = -13 - 5 - 20*z + 13. List the prime factors of n(-8).
5, 31
Suppose 41 = 2*j - 1. Suppose 0 = j*v - 20*v - 1. What are the prime factors of v/2*(-8 + 14)?
3
Let n(l) = -l**3 + 16*l**2 - 46*l - 22. What are the prime factors of n(12)?
2
Let t(h) = -13*h**3 - h**2 + 2. Suppose 0 = -5*j - 3*r + 4, -r - 14 = -j - 6*r. What are the prime factors of t(j)?
2, 7
Let y(a) = 4*a**2 + 2*a - 3. Let f = -27 + 29. List the prime factors of y(f).
17
Let h be ((-15)/6 - 0)*(1 + -3). Suppose -94 = -3*q + 3*g - g, h*q - g = 159. What are the prime factors of q?
2
Let w = 944 + 741. What are the prime factors of w?
5, 337
Let n = -406 + 408. Let r = 9 + -6. Suppose n*i - 30 = -r*i. What are the prime factors of i?
2, 3
Suppose 0 = n + 3 - 5. Suppose -n*r + 2*s + 21 = -233, 0 = -4*r - 4*s + 548. Suppose -108 - 8 = -3*a - 5*i, -4*a + r = i. List the prime factors of a.
2
Let m(w) = 7*w + 5. Let b = 43 + -30. List the prime factors of m(b).
2, 3
Let a be 0/(-4 + 1/1). Suppose 3*g + g = a. Suppose q + 23 - 80 = g. What are the prime factors of q?
3, 19
Let s be